r(s) = -25*s**2 - 2*s - 4. Let a be r(-2). Let m = a - -206. Is 16 a factor of m?
False
Is 9 a factor of 320 + ((30/5)/(-3))/(-2)?
False
Let y(v) = 832*v - 2652. Is y(52) a multiple of 11?
True
Let l(c) = c**2 - c - 1. Let v(z) = 4*z**2 + 34*z - 4. Let u(q) = -q**2 + q + 4. Let o be u(2). Let h(d) = o*l(d) - v(d). Is 8 a factor of h(-15)?
False
Suppose 0 = -4*s + 3*m + 8102 + 27278, -4*s + 35412 = 5*m. Does 79 divide s?
True
Suppose -38*r + 54*r = 50544. Is r a multiple of 39?
True
Let u be -3 + 18/12 + (-27)/(-6). Is 55 a factor of (22 - 13)*221/u?
False
Let d(c) = -c**2 - 71*c + 31. Let q = 111 - 141. Is d(q) a multiple of 9?
False
Suppose -2*y = -8 + 2. Suppose 6*d - 24 - 156 = 0. Suppose 4 = 3*a - s - d, s - 44 = -y*a. Is 3 a factor of a?
False
Let f be 6*((-28)/8)/(-7)*15. Suppose -5*b = 3*a - f, -4*a = -a - b - 27. Does 10 divide a?
True
Let u = -157 + 291. Suppose 1086 - u = 4*b. Is 34 a factor of b?
True
Suppose 989*u = 999*u - 24080. Is u a multiple of 28?
True
Suppose -j - 10*k = -7*k - 1542, j + 2*k = 1543. Suppose -3*u + 4*c + 0*c = -1547, 3*u - 3*c - j = 0. Is u a multiple of 27?
True
Let h(j) be the second derivative of j**5/20 - 7*j**4/6 + 3*j**3/2 + 3*j**2/2 - 97*j. Is 33 a factor of h(15)?
True
Let q = 39 - 122. Let y = q - -128. Is 8 a factor of y?
False
Suppose -4*r = -349 - 239. Suppose 0 = -2*n + r + 113. Is 13 a factor of n?
True
Suppose -18 = 5*o - 33. Suppose 455 = -5*w + 5*u, -157 - 193 = 4*w + o*u. Let i = w - -149. Does 15 divide i?
True
Suppose -3*g - 2*f = 76 - 1211, -3*f - 774 = -2*g. Suppose -23*y + 2727 = g. Is 14 a factor of y?
False
Let h = -198 - -186. Let x = 294 - h. Does 18 divide x?
True
Let o = -40384 + 59364. Is o a multiple of 13?
True
Suppose 6*j = 23 - 17. Let s(x) = 134*x**2 + 3*x - 2. Does 5 divide s(j)?
True
Let y(p) = 625*p + 6950. Is y(10) a multiple of 41?
False
Suppose -12 + 6 = n, n + 160881 = 5*k. Is 13 a factor of k?
True
Let v(u) = u**3 + 17*u**2 + 12*u - 46. Is v(-7) a multiple of 60?
True
Suppose 1 = -w + 3*b - 5, 5*w = 3*b - 6. Suppose w = -3*u + 12, 0 = -r - 2*u + u + 24. Is 3 a factor of r?
False
Suppose -84 = -4*x + x. Suppose -5*o + 5*u + 384 = -11, 4*o - 306 = -u. Suppose x = 79*i - o*i. Is i a multiple of 2?
True
Let d(h) = -2*h**2 + 140*h + 162. Is d(64) a multiple of 11?
False
Suppose 5*d + 9 = -4*b - 16, -20 = -3*b + 4*d. Suppose b = 2*a - 6*a - k - 18, -2*a - 8 = k. Let y(c) = -7*c + 5. Does 5 divide y(a)?
True
Let t = -3802 - -2008. Let f = t - -2959. Is f a multiple of 14?
False
Suppose 5*t + 6*u = 10342 + 23304, -1 = -u. Does 116 divide t?
True
Let j = -6133 - -8624. Suppose -j + 35 = -8*z. Is 4 a factor of z?
False
Suppose 132*z + 2 = 133*z. Suppose -2*y - 2*n = -5*y + 504, -4*n = -z*y + 344. Is 28 a factor of y?
False
Is (11 - 9) + 3514 - 11 a multiple of 114?
False
Suppose -6*a + 31518 = -a + 12*a. Is 24 a factor of a?
False
Let j(p) = p**3 + 5*p**2 - 13*p + 8. Let k be 0/25*(-1 - -2)*-1. Let t be -8 - k - (-3 - -1). Does 25 divide j(t)?
True
Let m(y) = -y**3 - 7*y**2 + y - 3. Let q be m(-3). Let w = q + 44. Suppose 5*v - 1532 + 111 = i, -2*i = w*v - 566. Does 40 divide v?
False
Suppose 613*h - 27580 = 599*h. Is h a multiple of 11?
False
Suppose 1379 + 8573 = 8*q. Suppose -q + 222 = -7*l. Does 21 divide l?
False
Let l = -61 - -66. Suppose 5*g - 646 = -4*k, -l*g = k - g - 167. Let j = k + -75. Is 21 a factor of j?
True
Suppose 1212 = -4*z + 7*z. Suppose 6*g + 56 - z = 0. Is 58 a factor of g?
True
Let w(x) = 22*x - 134. Let p be w(6). Is -28 + 33 - 494/p a multiple of 18?
True
Let n be 39/6 + 1/(-2). Let q(z) = -5*z + n*z - 2*z + 15. Does 7 divide q(-18)?
False
Suppose 77742 + 5409 = 17*b + 8674. Does 13 divide b?
True
Suppose -2*d - 3*s + 101 = 34, -2*d + 4*s + 46 = 0. Suppose -d*g - 2772 = -38*g. Is 11 a factor of g?
True
Let q(k) = -14*k - 147. Let c(p) = -73*p - 736. Let t(y) = 2*c(y) - 11*q(y). Is 15 a factor of t(8)?
False
Let g(q) = 8*q - 1 + 6 - 6*q + q**2 + q. Let v be g(-8). Suppose -289 = -5*f + p, -3*p = f - 0*f - v. Is f a multiple of 8?
False
Suppose 5*j - 2335 = -5*o, 0*j + 1865 = 4*j + o. Suppose j = 3*m - 326. Does 22 divide m?
True
Let g be (-9 + 0)*((-4 - -7) + -2). Let j(m) = 2*m**2 + 14*m + 34. Does 14 divide j(g)?
True
Suppose 2*a + 2*b = 280, a + 29 = 2*b + 157. Is a a multiple of 2?
True
Let s(t) = -t**3 + t + 4. Let n be s(0). Suppose h - 4*h + 384 = -3*y, -h + 128 = n*y. Is 16 a factor of h?
True
Let t = 4836 - 1029. Is 47 a factor of t?
True
Let t(w) = 4*w**2 - 43*w + 204. Let c be t(25). Let s = -774 + c. Is s a multiple of 33?
False
Let l(v) = -6*v + 20. Let f be l(7). Let r = f + 42. Suppose r*o = 19*o + 141. Does 10 divide o?
False
Let y(r) = 2*r + 10. Let c be y(11). Let k be ((-24)/c)/(1/(-4)). Suppose 4*v + 2*n - 246 = 0, k*n + n = -4*v + 244. Is v a multiple of 19?
False
Let m(p) = 9*p - 16. Let b be m(4). Suppose -b*r = -18*r - 14. Is r even?
False
Let h(y) = -136*y - 40. Let c be h(2). Let p = c + 367. Is p a multiple of 11?
True
Is 256*((-1336)/(-40) - (-16)/(-40)) a multiple of 32?
True
Let g = 119 + -114. Suppose 0*y - 4 = -x - 4*y, g*x = -3*y + 20. Suppose x*b - u = 4*u + 76, -2*b = 3*u - 16. Is 6 a factor of b?
False
Suppose -18*y + 3797 + 28657 = 0. Does 49 divide y?
False
Let z = 838 + -396. Is z a multiple of 6?
False
Is (-104)/(-52) - 4*2 - -2089 a multiple of 6?
False
Let j be -4*(27/2)/(-1). Suppose 6*t = -j + 6. Does 25 divide 18/(-72) + (-202)/t?
True
Let n be (-1*1)/((-7)/14). Let y(d) be the first derivative of 8*d**3/3 - 3*d**2/2 - 2*d + 47. Does 4 divide y(n)?
True
Suppose -2*a - 3*h + 4456 = 0, -962*a + 965*a - 6691 = -h. Is 7 a factor of a?
False
Let n(q) = q**2 - 21*q - 64. Suppose -c + 3 - 128 = 0. Let f = -99 - c. Is 9 a factor of n(f)?
False
Let w = 234 + -233. Let h(x) = -84*x**2 + 5*x + 3. Let k(p) = 56*p**2 - 3*p - 2. Let y(f) = 5*h(f) + 8*k(f). Is 3 a factor of y(w)?
False
Let m = 77 + -83. Let t be -3 + -2 + 2 - m. Suppose q - 176 = -t*q. Does 21 divide q?
False
Let i = 27 + -180. Let g be (i - 4)*-1 + -1. Suppose -g = -18*q + 14*q. Is 13 a factor of q?
True
Suppose 5*r = r + 8, -c + 4*r - 10 = 0. Let v be 0/(-4) + -1 - c*122. Suppose 0 = 3*h + 6*h - v. Is 23 a factor of h?
False
Suppose 4*o - 21 + 1 = 0. Suppose 4*f = -5*u - 0*u, o*u = f - 25. Suppose -5*r = -f*z - 130, -r - 4*z = 2*r - 71. Is r a multiple of 25?
True
Let v(z) = 197*z + 797. Does 110 divide v(49)?
True
Suppose 6*j - 170 = 802. Suppose 166*c = j*c + 552. Does 69 divide c?
True
Let k(a) = 10*a**3 + 20*a**2 + 2*a + 17. Let n(j) = 22*j**3 + 41*j**2 + 3*j + 33. Let i(q) = -9*k(q) + 4*n(q). Does 15 divide i(-9)?
True
Let z = -107 + 110. Suppose 4*k - 148 = -2*d + 14, -15 = z*d. Suppose 4*h + r - 95 = 0, 5*r - k = -2*h - 0*h. Does 3 divide h?
True
Let t(v) = 2*v**3 - 13*v**2 - 25*v - 49. Is 77 a factor of t(14)?
True
Does 11 divide (-146918)/(-18) - (-119)/(-1071)?
True
Suppose -22*w + 1252 = -18*w - 2*q, 3*w - 948 = 3*q. Is 3 a factor of w?
False
Let d = 186 + -117. Suppose 6600 = 80*g - d*g. Is 15 a factor of g?
True
Let h(f) = -4*f**2 - 18*f + 21. Let k(z) = -37*z - 6*z**2 - 12*z**2 + 43 + 9*z**2. Let u(d) = -5*h(d) + 2*k(d). Does 11 divide u(-12)?
True
Let p(g) = 5*g**3 - 10*g**2 - 2*g - 11. Let h be p(5). Does 4 divide 6/(-10) - h/(-15)?
False
Let z(h) = -h**2 + 2*h + 6. Let l be z(-3). Let x be 1*(-249)/l - 5/(-15). Suppose 0 = 2*o + 2 - x. Is o a multiple of 13?
True
Let o = 2744 + -2693. Suppose 5*l - 82 - 318 = 0. Let t = o + l. Is t a multiple of 33?
False
Let g = -172 + 98. Suppose -4*j + 2*t - 194 = 0, 5*t - 135 = -26*j + 29*j. Let x = j - g. Is 12 a factor of x?
True
Let d(h) = -4911*h + 49. Does 24 divide d(-1)?
False
Suppose -10*q = -86942 + 11522. Is 15 a factor of q?
False
Suppose 6*c + 5 = 215. Suppose -4*w - 5*h = -207, -2*h - 108 = -2*w - 0*h. Let v = w - c. Is 3 a factor of v?
True
Let j = -2510 - -4226. Is j a multiple of 22?
True
Let m(w) = -56*w**3 + 3*w**2 + 2*w - 8. Let z be m(2). Let g = -265 - z. Is 7 a factor of g?
True
Let a(c) = 2*c**3 + 2*c**2 - c + 2. Let t be a(3). Let i(b) = -26*b - 3 + 47*b + t*b. Is 17 a factor of i(1)?
False
Suppose -w + 904 = 2*l + 589, 3*w - 864 = 3*l. Does 9 divide w?
True
Suppose -4*c + 1 = j - 51, 5*c - 3*j - 48 = 0. Suppose 4*p = 2*u + c + 4, 3*p - 15 = 0. Suppose -21 = -4*f - 5*k, 0